{"id":231,"date":"2023-11-24T15:10:28","date_gmt":"2023-11-24T14:10:28","guid":{"rendered":"https:\/\/nouveau.hebergement-picdanie.fr\/wordpress\/?page_id=231"},"modified":"2024-01-12T16:51:55","modified_gmt":"2024-01-12T15:51:55","slug":"hotel-carrafancq","status":"publish","type":"page","link":"https:\/\/hebergement-picdanie.fr\/wordpress\/hotel-carrafancq\/","title":{"rendered":"H\u00f4tel Carrafancq"},"content":{"rendered":"\n<div class=\"wp-block-uagb-container uagb-block-b12c99cf alignwide uagb-is-root-container\">\n<div class=\"wp-block-uagb-container uagb-block-ba609078\">\n<div class=\"wp-block-uagb-image uagb-block-64de4e08 wp-block-uagb-image--layout-default wp-block-uagb-image--effect-static wp-block-uagb-image--align-none\"><figure class=\"wp-block-uagb-image__figure\"><img data-recalc-dims=\"1\" decoding=\"async\" srcset=\"https:\/\/nouveau.hebergement-picdanie.fr\/wordpress\/wp-content\/uploads\/2023\/11\/image.png ,https:\/\/nouveau.hebergement-picdanie.fr\/wordpress\/wp-content\/uploads\/2023\/11\/image.png 780w, https:\/\/nouveau.hebergement-picdanie.fr\/wordpress\/wp-content\/uploads\/2023\/11\/image.png 360w\" sizes=\"auto, (max-width: 480px) 150px\" src=\"https:\/\/i0.wp.com\/nouveau.hebergement-picdanie.fr\/wordpress\/wp-content\/uploads\/2023\/11\/image.png?resize=600%2C403&#038;ssl=1\" alt=\"\" class=\"uag-image-239\" width=\"600\" height=\"403\" title=\"\" loading=\"lazy\"\/><\/figure><\/div>\n<\/div>\n\n\n\n<div class=\"wp-block-uagb-container uagb-block-94697710\">\n<p>Nous sommes la 5\u00e8me g\u00e9n\u00e9ration de la famille Carrafancq \u00e0 recevoir dans cette maison les voyageurs Pyr\u00e9n\u00e9istes \u00e0 la d\u00e9couverte du cirque de Lescun. Ancien Bar-H\u00f4tel-Restaurant de la Vall\u00e9e d\u2019Aspe, l\u2019h\u00e9bergement du Pic d\u2019Anie a conserv\u00e9 tout son charme d\u2019antant, chaleureux et rustique.<\/p>\n\n\n\n<blockquote class=\"wp-block-quote is-layout-flow wp-block-quote-is-layout-flow\">\n<p>Quelle Maison ! Patin\u00e9es par les ans, la pierre et l\u2019ardoise chantent, nous racontent mille histoire [&#8230;] Le d\u00e9cor est \u00e0 son image : d\u00e9licat, sensible, parquet cir\u00e9, meubles anciens, reflets des cuivres dans la p\u00e9nombre, jusqu\u2019au jardin cach\u00e9 que l\u2019on d\u00e9couvre par hasard, en se perdant dans la maison.<\/p>\n<cite>Max Perrier, \u00ab\u00a0Le pays d\u2019en haut\u00a0\u00bb<\/cite><\/blockquote>\n<\/div>\n<\/div>\n\n\n\n<div class=\"wp-block-uagb-container uagb-block-2e215f28 alignwide uagb-is-root-container\"><a href=\"https:\/\/nouveau.hebergement-picdanie.fr\/wordpress\/wp-content\/uploads\/2023\/11\/Article_Carrafancq.pdf\" class=\"pdfemb-viewer\" style=\"\" data-width=\"max\" data-height=\"max\" data-toolbar=\"bottom\" data-toolbar-fixed=\"off\">Article_Carrafancq<\/a>\n<p class=\"wp-block-pdfemb-pdf-embedder-viewer\"><\/p>\n<\/div>\n","protected":false},"excerpt":{"rendered":"<p>Nous sommes la 5\u00e8me g\u00e9n\u00e9ration de la famille Carrafancq \u00e0 recevoir dans cette maison les voyageurs Pyr\u00e9n\u00e9istes \u00e0 la d\u00e9couverte du cirque de Lescun. Ancien Bar-H\u00f4tel-Restaurant de la Vall\u00e9e d\u2019Aspe, l\u2019h\u00e9bergement du Pic d\u2019Anie a conserv\u00e9 tout son charme d\u2019antant, chaleureux et rustique. Quelle Maison ! Patin\u00e9es par les ans, la pierre et l\u2019ardoise chantent, [&hellip;]<\/p>\n","protected":false},"author":1,"featured_media":0,"parent":0,"menu_order":0,"comment_status":"closed","ping_status":"closed","template":"","meta":{"_uag_custom_page_level_css":"","_monsterinsights_skip_tracking":false,"_monsterinsights_sitenote_active":false,"_monsterinsights_sitenote_note":"","_monsterinsights_sitenote_category":0,"footnotes":""},"class_list":["post-231","page","type-page","status-publish","hentry"],"yoast_head":"<!-- This site is optimized with the Yoast SEO plugin v26.6 - https:\/\/yoast.com\/wordpress\/plugins\/seo\/ -->\n<title>H\u00f4tel Carrafancq - H\u00e9bergements du Pic d&#039;Anie<\/title>\n<meta name=\"robots\" content=\"index, follow, max-snippet:-1, max-image-preview:large, max-video-preview:-1\" \/>\n<link rel=\"canonical\" href=\"https:\/\/hebergement-picdanie.fr\/wordpress\/hotel-carrafancq\/\" \/>\n<meta property=\"og:locale\" content=\"fr_FR\" \/>\n<meta property=\"og:type\" content=\"article\" \/>\n<meta property=\"og:title\" content=\"H\u00f4tel Carrafancq - H\u00e9bergements du Pic d&#039;Anie\" \/>\n<meta property=\"og:description\" content=\"Nous sommes la 5\u00e8me g\u00e9n\u00e9ration de la famille Carrafancq \u00e0 recevoir dans cette maison les voyageurs Pyr\u00e9n\u00e9istes \u00e0 la d\u00e9couverte du cirque de Lescun. Ancien Bar-H\u00f4tel-Restaurant de la Vall\u00e9e d\u2019Aspe, l\u2019h\u00e9bergement du Pic d\u2019Anie a conserv\u00e9 tout son charme d\u2019antant, chaleureux et rustique. Quelle Maison ! Patin\u00e9es par les ans, la pierre et l\u2019ardoise chantent, [&hellip;]\" \/>\n<meta property=\"og:url\" content=\"https:\/\/hebergement-picdanie.fr\/wordpress\/hotel-carrafancq\/\" \/>\n<meta property=\"og:site_name\" content=\"H\u00e9bergements du Pic d&#039;Anie\" \/>\n<meta property=\"article:publisher\" content=\"https:\/\/fr-fr.facebook.com\/Picdanie\/\" \/>\n<meta property=\"article:modified_time\" content=\"2024-01-12T15:51:55+00:00\" \/>\n<meta property=\"og:image\" content=\"https:\/\/nouveau.hebergement-picdanie.fr\/wordpress\/wp-content\/uploads\/2023\/11\/image.png\" \/>\n<meta name=\"twitter:card\" content=\"summary_large_image\" \/>\n<meta name=\"twitter:label1\" content=\"Dur\u00e9e de lecture estim\u00e9e\" \/>\n\t<meta name=\"twitter:data1\" content=\"1 minute\" \/>\n<script type=\"application\/ld+json\" class=\"yoast-schema-graph\">{\"@context\":\"https:\/\/schema.org\",\"@graph\":[{\"@type\":\"WebPage\",\"@id\":\"https:\/\/hebergement-picdanie.fr\/wordpress\/hotel-carrafancq\/\",\"url\":\"https:\/\/hebergement-picdanie.fr\/wordpress\/hotel-carrafancq\/\",\"name\":\"H\u00f4tel Carrafancq - H\u00e9bergements du Pic d&#039;Anie\",\"isPartOf\":{\"@id\":\"https:\/\/hebergement-picdanie.fr\/wordpress\/#website\"},\"primaryImageOfPage\":{\"@id\":\"https:\/\/hebergement-picdanie.fr\/wordpress\/hotel-carrafancq\/#primaryimage\"},\"image\":{\"@id\":\"https:\/\/hebergement-picdanie.fr\/wordpress\/hotel-carrafancq\/#primaryimage\"},\"thumbnailUrl\":\"https:\/\/nouveau.hebergement-picdanie.fr\/wordpress\/wp-content\/uploads\/2023\/11\/image.png\",\"datePublished\":\"2023-11-24T14:10:28+00:00\",\"dateModified\":\"2024-01-12T15:51:55+00:00\",\"breadcrumb\":{\"@id\":\"https:\/\/hebergement-picdanie.fr\/wordpress\/hotel-carrafancq\/#breadcrumb\"},\"inLanguage\":\"fr-FR\",\"potentialAction\":[{\"@type\":\"ReadAction\",\"target\":[\"https:\/\/hebergement-picdanie.fr\/wordpress\/hotel-carrafancq\/\"]}]},{\"@type\":\"ImageObject\",\"inLanguage\":\"fr-FR\",\"@id\":\"https:\/\/hebergement-picdanie.fr\/wordpress\/hotel-carrafancq\/#primaryimage\",\"url\":\"https:\/\/nouveau.hebergement-picdanie.fr\/wordpress\/wp-content\/uploads\/2023\/11\/image.png\",\"contentUrl\":\"https:\/\/nouveau.hebergement-picdanie.fr\/wordpress\/wp-content\/uploads\/2023\/11\/image.png\"},{\"@type\":\"BreadcrumbList\",\"@id\":\"https:\/\/hebergement-picdanie.fr\/wordpress\/hotel-carrafancq\/#breadcrumb\",\"itemListElement\":[{\"@type\":\"ListItem\",\"position\":1,\"name\":\"Accueil\",\"item\":\"https:\/\/hebergement-picdanie.fr\/wordpress\/\"},{\"@type\":\"ListItem\",\"position\":2,\"name\":\"H\u00f4tel Carrafancq\"}]},{\"@type\":\"WebSite\",\"@id\":\"https:\/\/hebergement-picdanie.fr\/wordpress\/#website\",\"url\":\"https:\/\/hebergement-picdanie.fr\/wordpress\/\",\"name\":\"H\u00e9bergements du Pic d&#039;Anie\",\"description\":\"Location de vacances\",\"publisher\":{\"@id\":\"https:\/\/hebergement-picdanie.fr\/wordpress\/#organization\"},\"potentialAction\":[{\"@type\":\"SearchAction\",\"target\":{\"@type\":\"EntryPoint\",\"urlTemplate\":\"https:\/\/hebergement-picdanie.fr\/wordpress\/?s={search_term_string}\"},\"query-input\":{\"@type\":\"PropertyValueSpecification\",\"valueRequired\":true,\"valueName\":\"search_term_string\"}}],\"inLanguage\":\"fr-FR\"},{\"@type\":\"Organization\",\"@id\":\"https:\/\/hebergement-picdanie.fr\/wordpress\/#organization\",\"name\":\"H\u00e9bergements du Pic d'Anie - LESCUN\",\"url\":\"https:\/\/hebergement-picdanie.fr\/wordpress\/\",\"logo\":{\"@type\":\"ImageObject\",\"inLanguage\":\"fr-FR\",\"@id\":\"https:\/\/hebergement-picdanie.fr\/wordpress\/#\/schema\/logo\/image\/\",\"url\":\"https:\/\/i0.wp.com\/hebergement-picdanie.fr\/wordpress\/wp-content\/uploads\/2024\/01\/Carte_visite_Hebergement_avril19_RECTO.jpg?fit=1004%2C650&ssl=1\",\"contentUrl\":\"https:\/\/i0.wp.com\/hebergement-picdanie.fr\/wordpress\/wp-content\/uploads\/2024\/01\/Carte_visite_Hebergement_avril19_RECTO.jpg?fit=1004%2C650&ssl=1\",\"width\":1004,\"height\":650,\"caption\":\"H\u00e9bergements du Pic d'Anie - LESCUN\"},\"image\":{\"@id\":\"https:\/\/hebergement-picdanie.fr\/wordpress\/#\/schema\/logo\/image\/\"},\"sameAs\":[\"https:\/\/fr-fr.facebook.com\/Picdanie\/\"]}]}<\/script>\n<!-- \/ Yoast SEO plugin. -->","yoast_head_json":{"title":"H\u00f4tel Carrafancq - H\u00e9bergements du Pic d&#039;Anie","robots":{"index":"index","follow":"follow","max-snippet":"max-snippet:-1","max-image-preview":"max-image-preview:large","max-video-preview":"max-video-preview:-1"},"canonical":"https:\/\/hebergement-picdanie.fr\/wordpress\/hotel-carrafancq\/","og_locale":"fr_FR","og_type":"article","og_title":"H\u00f4tel Carrafancq - H\u00e9bergements du Pic d&#039;Anie","og_description":"Nous sommes la 5\u00e8me g\u00e9n\u00e9ration de la famille Carrafancq \u00e0 recevoir dans cette maison les voyageurs Pyr\u00e9n\u00e9istes \u00e0 la d\u00e9couverte du cirque de Lescun. Ancien Bar-H\u00f4tel-Restaurant de la Vall\u00e9e d\u2019Aspe, l\u2019h\u00e9bergement du Pic d\u2019Anie a conserv\u00e9 tout son charme d\u2019antant, chaleureux et rustique. Quelle Maison ! Patin\u00e9es par les ans, la pierre et l\u2019ardoise chantent, [&hellip;]","og_url":"https:\/\/hebergement-picdanie.fr\/wordpress\/hotel-carrafancq\/","og_site_name":"H\u00e9bergements du Pic d&#039;Anie","article_publisher":"https:\/\/fr-fr.facebook.com\/Picdanie\/","article_modified_time":"2024-01-12T15:51:55+00:00","og_image":[{"url":"https:\/\/nouveau.hebergement-picdanie.fr\/wordpress\/wp-content\/uploads\/2023\/11\/image.png","type":"","width":"","height":""}],"twitter_card":"summary_large_image","twitter_misc":{"Dur\u00e9e de lecture estim\u00e9e":"1 minute"},"schema":{"@context":"https:\/\/schema.org","@graph":[{"@type":"WebPage","@id":"https:\/\/hebergement-picdanie.fr\/wordpress\/hotel-carrafancq\/","url":"https:\/\/hebergement-picdanie.fr\/wordpress\/hotel-carrafancq\/","name":"H\u00f4tel Carrafancq - H\u00e9bergements du Pic d&#039;Anie","isPartOf":{"@id":"https:\/\/hebergement-picdanie.fr\/wordpress\/#website"},"primaryImageOfPage":{"@id":"https:\/\/hebergement-picdanie.fr\/wordpress\/hotel-carrafancq\/#primaryimage"},"image":{"@id":"https:\/\/hebergement-picdanie.fr\/wordpress\/hotel-carrafancq\/#primaryimage"},"thumbnailUrl":"https:\/\/nouveau.hebergement-picdanie.fr\/wordpress\/wp-content\/uploads\/2023\/11\/image.png","datePublished":"2023-11-24T14:10:28+00:00","dateModified":"2024-01-12T15:51:55+00:00","breadcrumb":{"@id":"https:\/\/hebergement-picdanie.fr\/wordpress\/hotel-carrafancq\/#breadcrumb"},"inLanguage":"fr-FR","potentialAction":[{"@type":"ReadAction","target":["https:\/\/hebergement-picdanie.fr\/wordpress\/hotel-carrafancq\/"]}]},{"@type":"ImageObject","inLanguage":"fr-FR","@id":"https:\/\/hebergement-picdanie.fr\/wordpress\/hotel-carrafancq\/#primaryimage","url":"https:\/\/nouveau.hebergement-picdanie.fr\/wordpress\/wp-content\/uploads\/2023\/11\/image.png","contentUrl":"https:\/\/nouveau.hebergement-picdanie.fr\/wordpress\/wp-content\/uploads\/2023\/11\/image.png"},{"@type":"BreadcrumbList","@id":"https:\/\/hebergement-picdanie.fr\/wordpress\/hotel-carrafancq\/#breadcrumb","itemListElement":[{"@type":"ListItem","position":1,"name":"Accueil","item":"https:\/\/hebergement-picdanie.fr\/wordpress\/"},{"@type":"ListItem","position":2,"name":"H\u00f4tel Carrafancq"}]},{"@type":"WebSite","@id":"https:\/\/hebergement-picdanie.fr\/wordpress\/#website","url":"https:\/\/hebergement-picdanie.fr\/wordpress\/","name":"H\u00e9bergements du Pic d&#039;Anie","description":"Location de vacances","publisher":{"@id":"https:\/\/hebergement-picdanie.fr\/wordpress\/#organization"},"potentialAction":[{"@type":"SearchAction","target":{"@type":"EntryPoint","urlTemplate":"https:\/\/hebergement-picdanie.fr\/wordpress\/?s={search_term_string}"},"query-input":{"@type":"PropertyValueSpecification","valueRequired":true,"valueName":"search_term_string"}}],"inLanguage":"fr-FR"},{"@type":"Organization","@id":"https:\/\/hebergement-picdanie.fr\/wordpress\/#organization","name":"H\u00e9bergements du Pic d'Anie - LESCUN","url":"https:\/\/hebergement-picdanie.fr\/wordpress\/","logo":{"@type":"ImageObject","inLanguage":"fr-FR","@id":"https:\/\/hebergement-picdanie.fr\/wordpress\/#\/schema\/logo\/image\/","url":"https:\/\/i0.wp.com\/hebergement-picdanie.fr\/wordpress\/wp-content\/uploads\/2024\/01\/Carte_visite_Hebergement_avril19_RECTO.jpg?fit=1004%2C650&ssl=1","contentUrl":"https:\/\/i0.wp.com\/hebergement-picdanie.fr\/wordpress\/wp-content\/uploads\/2024\/01\/Carte_visite_Hebergement_avril19_RECTO.jpg?fit=1004%2C650&ssl=1","width":1004,"height":650,"caption":"H\u00e9bergements du Pic d'Anie - LESCUN"},"image":{"@id":"https:\/\/hebergement-picdanie.fr\/wordpress\/#\/schema\/logo\/image\/"},"sameAs":["https:\/\/fr-fr.facebook.com\/Picdanie\/"]}]}},"uagb_featured_image_src":{"full":false,"thumbnail":false,"medium":false,"medium_large":false,"large":false,"1536x1536":false,"2048x2048":false},"uagb_author_info":{"display_name":"admin","author_link":"https:\/\/hebergement-picdanie.fr\/wordpress\/author\/admin\/"},"uagb_comment_info":0,"uagb_excerpt":"Nous sommes la 5\u00e8me g\u00e9n\u00e9ration de la famille Carrafancq \u00e0 recevoir dans cette maison les voyageurs Pyr\u00e9n\u00e9istes \u00e0 la d\u00e9couverte du cirque de Lescun. Ancien Bar-H\u00f4tel-Restaurant de la Vall\u00e9e d\u2019Aspe, l\u2019h\u00e9bergement du Pic d\u2019Anie a conserv\u00e9 tout son charme d\u2019antant, chaleureux et rustique. Quelle Maison ! Patin\u00e9es par les ans, la pierre et l\u2019ardoise chantent,\u2026","jetpack_sharing_enabled":true,"_links":{"self":[{"href":"https:\/\/hebergement-picdanie.fr\/wordpress\/wp-json\/wp\/v2\/pages\/231","targetHints":{"allow":["GET"]}}],"collection":[{"href":"https:\/\/hebergement-picdanie.fr\/wordpress\/wp-json\/wp\/v2\/pages"}],"about":[{"href":"https:\/\/hebergement-picdanie.fr\/wordpress\/wp-json\/wp\/v2\/types\/page"}],"author":[{"embeddable":true,"href":"https:\/\/hebergement-picdanie.fr\/wordpress\/wp-json\/wp\/v2\/users\/1"}],"replies":[{"embeddable":true,"href":"https:\/\/hebergement-picdanie.fr\/wordpress\/wp-json\/wp\/v2\/comments?post=231"}],"version-history":[{"count":5,"href":"https:\/\/hebergement-picdanie.fr\/wordpress\/wp-json\/wp\/v2\/pages\/231\/revisions"}],"predecessor-version":[{"id":619,"href":"https:\/\/hebergement-picdanie.fr\/wordpress\/wp-json\/wp\/v2\/pages\/231\/revisions\/619"}],"wp:attachment":[{"href":"https:\/\/hebergement-picdanie.fr\/wordpress\/wp-json\/wp\/v2\/media?parent=231"}],"curies":[{"name":"wp","href":"https:\/\/api.w.org\/{rel}","templated":true}]}}